 x(0). Let u = 44 - a. Is u a prime number?
False
Let o(k) = 2*k**2 - 10*k + 9. Let c be o(8). Suppose -130 = -a + c. Is a a prime number?
False
Let c = -2 - -4. Let w(x) = 5*x**2 - 5*x - 4. Let z(s) = -5*s**2 + 6*s + 5. Let d(l) = 6*w(l) + 5*z(l). Is d(c) prime?
False
Suppose 0 = -4*q + 2*q + 2962. Is q composite?
False
Let p(q) = -2*q - 1. Let n be p(-2). Suppose -n*o - 41 = -116. Is o prime?
False
Let s = -8 + 11. Is 118 - (1 - (s + -1)) composite?
True
Suppose n = 2*n, 5*p = 4*n - 40. Let b = p + 9. Is 18/b + (-4)/(-4) composite?
False
Suppose -23 = 4*m - 0*f - f, f + 7 = -m. Let q(t) = 3*t**2 + 9*t + 3. Is q(m) a prime number?
False
Is 3*8/132 - (-30875)/11 prime?
False
Suppose 3*l = 3*h + 72, -5*l - 2*h + 51 + 76 = 0. Let q = l + 42. Is q prime?
True
Let l be (-2 + -2)/(2*-1). Let u be (-1 + 0)/(l/(-8)). Is 3 - (-1 + u + -37) composite?
False
Let c(v) be the second derivative of -v**3/6 + 2*v**2 - 3*v. Let i be c(7). Is 6 + 0 - 3/i composite?
False
Suppose 3*t = 4*t - 2*h - 29, -3 = -h. Is t composite?
True
Let d = 12 + -9. Suppose -d*i = -i - 110. Is i a prime number?
False
Let r be (-1 - 0) + 46/2. Let l = r - 13. Is l prime?
False
Let w = 49 - 25. Let t(a) = a**3 + 8*a**2 + 9*a - 2. Let i be t(-7). Is (w/i)/((-1)/4) a composite number?
True
Let b be 1 - (3 - 96/(-3)). Let w = b - -83. Is w a prime number?
False
Let w(o) = -o**2 + 2*o + 3. Let u be w(3). Let l be u + -7 + -1 + 1. Let z(m) = m**2 + m - 7. Is z(l) composite?
True
Suppose 2*x = -5*v + 13, 4*x - 2*x + v - 17 = 0. Let i = x - 10. Is 1686/8 + i/(-4) composite?
False
Let p = 3469 + -1543. Suppose 2 + 0 = -n, -3*n = 4*w - p. Suppose 4*q - 5*t = w, 3*q + 630 = 8*q - t. Is q prime?
True
Let z be 1 - -2*(3 - 1). Suppose 0 = 2*y + z - 1. Is (-17)/(3/(-3)) + y a prime number?
False
Let o = 4 - 2. Suppose o*y - 36 = -2*y. Let a(v) = 6*v - 5. Is a(y) composite?
True
Suppose 2*g = 6 + 2. Let j be 2/(6/57)*g. Let d = -41 + j. Is d prime?
False
Let k(a) = -a**2 + 8*a + 5. Let v be k(8). Let x = -2 + v. Suppose 3*f + 172 = 2*y + f, f = x. Is y a composite number?
False
Let g(z) = -21 + 7 - 9 + z. Let r be g(0). Let a = r + 36. Is a a prime number?
True
Let s = -9 + 9. Suppose s = -5*y - 5 + 60. Is y prime?
True
Suppose -333 = -3*n + 3*t, 2*n = -3*n - 4*t + 537. Is n composite?
False
Suppose 2*l + 25 = 3*u, u + 3*u - 4*l = 40. Is 187/u - 6/15 a composite number?
False
Let d(n) be the third derivative of n**4/6 + n**3/3 + n**2. Is d(3) a composite number?
True
Suppose 2*z - 159 - 63 = 0. Is z prime?
False
Suppose 2*z - 4 = 6*z. Let s be (-3 - z)*(-3 + -1). Let l = s - 5. Is l composite?
False
Is (-18)/(-12)*4/3 + 1359 a prime number?
True
Let r = 7100 - 3651. Is r prime?
True
Suppose b = 2*b + 3*w + 77, 5*b = -4*w - 374. Is 3/9 - b/3 a composite number?
True
Let q be (-22)/3*15/(-2). Let r = q + 102. Is r prime?
True
Let r(l) be the first derivative of -15*l**2/2 - 3*l + 1. Let k be r(-3). Suppose -5*y = -k + 7. Is y a composite number?
False
Is 7096/(-4)*(-1)/2 a composite number?
False
Suppose 74 - 251 = -3*j. Let q = 102 - j. Is q composite?
False
Let k(x) = -3*x**3 - x - 1. Let l(t) = -t**3 - 10*t**2 - t - 11. Let n be l(-10). Is k(n) a composite number?
False
Let r(a) = -76*a**2 - 2*a + 1. Let w be r(1). Let o = w + 108. Is o composite?
False
Let y = -17 + 148. Let u = y - 78. Is u composite?
False
Let h(g) = -2*g + 2321. Is h(0) prime?
False
Is (-18)/6 + 2*43 prime?
True
Suppose b - 1496 = -7*b. Is b prime?
False
Let u(j) = j**2 + 12*j - 2. Let f(i) = -i**3 - 3*i + 1. Let c be f(2). Is u(c) prime?
True
Let y be 3*(-2 - (-14)/6). Let i = y + 1. Suppose -2*p - 79 - 23 = -i*b, -2*p = -8. Is b prime?
False
Suppose 314 - 1672 = -2*i. Is i a composite number?
True
Is ((-21355)/10)/(3 + 28/(-8)) a composite number?
False
Let t(k) = 104*k + 6. Let v be t(-3). Let d = v + 517. Is d a prime number?
True
Let g(f) = -2*f**3 - f**2 + 2*f + 3. Let u(o) = -2*o**3 + o**2 - 2*o + 1. Let x = -2 + 3. Let z be u(x). Is g(z) composite?
False
Let y be (1 + -2)/(1/117). Let z = -11 - y. Is z a prime number?
False
Let y be 10/(-4)*32/(-20). Suppose 725 = w + y*w. Is w a composite number?
True
Suppose 3*o - 327 = 2*g, 80 = 2*o - 4*g - 130. Is o a composite number?
True
Suppose 0 = 2*w - 2*a - 20266, -2*w - 5993 = 2*a - 26243. Is w a prime number?
False
Let j(u) = 4*u + 2. Suppose -3*p + 4 = -5*v, 4*v + 16 = -4*p - 0*v. Let g be j(p). Is (-870)/(-9)*(-9)/g a composite number?
True
Let z = -158 - -453. Is z a composite number?
True
Let j(l) = 54*l**2 + l. Suppose -5*z = i - 2 + 25, z + 1 = -2*i. Suppose 0*t = 2*t - i. Is j(t) a composite number?
True
Is (-9)/6*9/((-135)/2930) composite?
False
Let x(r) = r**2 + 4*r - 1. Let o be x(-6). Suppose 0 = 3*y + o - 122. Is y composite?
False
Suppose -5 = 5*l, -3*c - 5*l - 1126 + 10718 = 0. Is c composite?
True
Let w(a) = -6*a + 2*a - 3*a + 4 + 0*a. Is w(-6) a prime number?
False
Let w = -128 + 217. Is w composite?
False
Let f be (808 + (-2)/1)/(-1). Let s = -547 - f. Is s a composite number?
True
Let n be 5/(50/(-12))*30. Is 4/(-18) + (-1268)/n a composite number?
True
Let v be (-450)/12 - (-2)/4. Let s = 142 - v. Is s composite?
False
Is (-5)/(5/3) + 92 a composite number?
False
Let h = 6 - 59. Let d = 4 - h. Is d composite?
True
Suppose -4 = -5*s + 5*a + 6, 0 = -2*s + 5*a + 7. Suppose 4*u + s = 17. Suppose -u*m - 2*v + 528 = 0, 51 = -2*m - 2*v + 313. Is m prime?
False
Let d = -6 - -8. Suppose 0*f + 6 = -d*f - 4*w, w + 29 = 5*f. Suppose u = f*x - 39, -55 = -2*x - 3*x + 5*u. Is x prime?
True
Let l = 117 + -62. Is l a composite number?
True
Let o(k) be the second derivative of -k**5/20 - k**4/6 - 2*k**3/3 - k**2 + k. Let s = -8 - -5. Is o(s) composite?
False
Let f(s) = 69*s**2 + 3*s - 5. Is f(-4) prime?
True
Let v be -1 - 1 - (-20)/5. Suppose -2*j + c = -4*j, 5*j = -5*c. Suppose j = v*d - 0*d - 42. Is d a prime number?
False
Suppose 9*f - 4*f = 115. Is f a prime number?
True
Let t = -129 - -236. Let j = t - 22. Is j composite?
True
Let c = -3 + 5. Suppose -586 = -2*z - 3*y, -3*z - c*y = z - 1172. Is z prime?
True
Let o = 0 + 3. Let u(r) = -o + 4*r**2 - r**2 + 0*r**2 + 2*r. Is u(-4) prime?
True
Is 2/7 + (-6660)/(-63) prime?
False
Let u be ((-4)/(-10))/((-1)/(-5)). Suppose -4*s = u*n + 126, 0*n = -s + n - 27. Let v = s - -49. Is v prime?
True
Let x be 0 - (0 + (0 - -1)). Let w = x - 0. Let c = 24 - w. Is c composite?
True
Suppose 4*k - 14 = -4*s - 2, 5*s + 3 = k. Suppose k*g - 8 = 7. Suppose -2*h - 3 = -o + 4*o, g*o - 5 = -5*h. Is h prime?
False
Suppose -3*x + 5351 = -l, x = -3*x + 4*l + 7140. Is x prime?
True
Let w = 21 + 14. Is w prime?
False
Let g be 18*5/(30/4). Let r(l) = 2*l**2 + 2. Let p be r(4). Let c = p - g. Is c composite?
True
Suppose -4*b - 4 = 0, 3*b = l - 5*l + 2761. Is l composite?
False
Let g(l) = 3*l**2 - 8*l - 12. Is g(7) composite?
False
Suppose -m = m - 5686. Is m a prime number?
True
Suppose 5*c + 5 = 10. Let f(q) = 22*q**2 - 2*q + 1. Is f(c) a composite number?
True
Let m(l) = -36*l + 8. Let a(d) = -d. Let t(g) = 3*a(g) - m(g). Is t(7) prime?
True
Suppose 110 = 3*b + 2*b. Suppose -4*z + 2*d = -6*z + b, 0 = -2*z - 3*d + 20. Let u = z - -1. Is u prime?
False
Let o(y) = -201*y**3 + y**2 - 1. Let i be o(-1). Suppose -5*q - j = -1656, 5*q - 2*j - 1452 = i. Is q composite?
False
Suppose 5*i + 5*g = -0*i + 1275, g + 1040 = 4*i. Is i prime?
False
Suppose 3*r = 5*l + 398 + 285, 4*r = 4*l + 916. Suppose -h + 4*h = r. Is h a composite number?
True
Let c(m) = 2143*m**2 - 3*m + 1. Is c(-1) prime?
False
Let y(b) be the third derivative of b**5/60 - b**4/6 + 5*b**3/3 + 2*b**2. Is y(6) prime?
False
Let b(d) = -d**2 - d + 2. Let m be b(-2). Suppose m = -3*p + 1 - 7. Is 37 + (-1 - p/2) composite?
False
Suppose 0 = -g - g - 42. Let v = g + 43. Is v composite?
True
Suppose -10 = -5*j - 0. Let r(l) = 5*l. Is r(j) a prime number?
False
Suppose -8 + 2 = 2*q, -q - 210 = -3*o. Suppose 0 = -3*s - 2*r + 14, s - 5*s + 19 = 3*r. Suppose x + o = s*x. Is x a prime number?
True
Let v(n) = 49*n - 31. Is v(16) a composite number?
True
Suppose p + 1 = 5. Suppose -p - 16 = 2*f. Is f*((-2 - 0) + 1) a prime number?
False
Let x(z) = -8*z + 3805. Is x(0) a composite number?
True
Suppose 5*v + 420 = 1105. Let u = v - -126. Is u a composite number?
False
Let u(o) be the second derivati